{"id":648,"date":"2019-05-03T15:38:14","date_gmt":"2019-05-03T13:38:14","guid":{"rendered":"http:\/\/proyectolabor.es\/familias\/?page_id=648"},"modified":"2022-02-21T13:08:11","modified_gmt":"2022-02-21T12:08:11","slug":"menu-escolar","status":"publish","type":"page","link":"https:\/\/proyectolabor.es\/familias\/menu-escolar\/","title":{"rendered":"Men\u00fa Escolar"},"content":{"rendered":"<div class=\"wpb-content-wrapper\">[vc_row][vc_column][vc_empty_space][vc_single_image image=\u00bb588&#8243;][vc_custom_heading text=\u00bbMen\u00fa Escolar por Centro Educativo\u00bb font_container=\u00bbtag:h2|font_size:36|text_align:center|color:%231e73be\u00bb google_fonts=\u00bbfont_family:Amatic%20SC%3Aregular%2C700|font_style:700%20bold%20regular%3A700%3Anormal\u00bb][vc_column_text]Cada mes, podr\u00e1 consultar aqu\u00ed los men\u00fas de su centro educativo.<\/p>\n<p>Para poder consultarlos, debe utilizar el usuario y contrase\u00f1a que le han facilitado en su centro.<\/p>\n<p>Una vez registrado, seleccione a continuaci\u00f3n el centro educativo al que pertenecen sus hijos para ver el men\u00fa.<\/p>\n<p><span style=\"font-family: 'Amatic SC'; color: #ff0000; font-size: 24px;\">CONTENIDO RESTRINGIDO PARA USUARIOS REGISTRADOS<\/span>[\/vc_column_text]<div class=\"vcex-login-form vcex-module wpex-clr wpex-bordered wpex-form-min vc_custom_1645445104073\"><form name=\"vcex-loginform\" id=\"vcex-loginform\" action=\"https:\/\/proyectolabor.es\/familias\/wp-login.php\" method=\"post\"><p class=\"login-username\">\n\t\t\t\t<label for=\"user_login\">Usuario<\/label>\n\t\t\t\t<input type=\"text\" name=\"log\" id=\"user_login\" autocomplete=\"username\" class=\"input\" value=\"\" size=\"20\" \/>\n\t\t\t<\/p><p class=\"login-password\">\n\t\t\t\t<label for=\"user_pass\">Contrase\u00f1a<\/label>\n\t\t\t\t<input type=\"password\" name=\"pwd\" id=\"user_pass\" autocomplete=\"current-password\" spellcheck=\"false\" class=\"input\" value=\"\" size=\"20\" \/>\n\t\t\t<\/p><p class=\"login-remember\"><label><input name=\"rememberme\" type=\"checkbox\" id=\"rememberme\" value=\"forever\" \/> Recordarme<\/label><\/p><p class=\"login-submit\">\n\t\t\t\t<input type=\"submit\" name=\"wp-submit\" id=\"wp-submit\" class=\"button button-primary\" value=\"Iniciar sesi\u00f3n\" \/>\n\t\t\t\t<input type=\"hidden\" name=\"redirect_to\" value=\"https:\/\/proyectolabor.es\/familias\/centros-educativos\/\" \/>\n\t\t\t<\/p><\/form><div class=\"vcex-login-form-nav wpex-clr\"><a href=\"https:\/\/proyectolabor.es\/familias\/wp-login.php?action=register\" class=\"vcex-login-form-register\">Registrar<\/a><span class=\"pipe\">|<\/span><a href=\"https:\/\/proyectolabor.es\/familias\/wp-login.php?action=lostpassword&#038;redirect_to=https%3A%2F%2Fproyectolabor.es%2Ffamilias%2Fmenu-escolar%2F\" class=\"vcex-login-form-lost\">\u00bfContrase\u00f1a perdida?<\/a><\/div><\/div>[vc_empty_space][vc_row_inner css=\u00bb.vc_custom_1563191685559{background-color: #f2f2f2 !important;}\u00bb][vc_column_inner][vc_column_text]<span style=\"font-family: 'Amatic SC'; font-size: 24px; color: #ff0000;\">SOLICITUD DE CONTRASE\u00d1A<\/span><\/p>\n<ul>\n<li>El acceso a las p\u00e1ginas de men\u00fas es privado y requiere de contrase\u00f1a.<\/li>\n<li>Si no dispone de contrase\u00f1a, puede solicitarla en tu centro educativo o a trav\u00e9s de nuestro email: <a href=\"mailto:hola@proyectolabor.es\"><strong>familias@proyectolabor.es<\/strong><\/a><\/li>\n<\/ul>\n[\/vc_column_text][\/vc_column_inner][\/vc_row_inner][\/vc_column][\/vc_row][vc_row][vc_column][vc_custom_heading text=\u00bbRecomendaciones para almuerzos escolares y meriendas\u00bb font_container=\u00bbtag:h2|font_size:36|text_align:center|color:%231e73be\u00bb google_fonts=\u00bbfont_family:Amatic%20SC%3Aregular%2C700|font_style:700%20bold%20regular%3A700%3Anormal\u00bb][vc_empty_space]<style>.vcex-image-grid.vcex_69fef896c759c .entry-title{font-family:'Amatic SC';font-size:24px;}<\/style><div class=\"vcex-image-grid-wrap\"><div class=\"vcex-module vcex-image-grid grid-style-default wpex-row wpex-clr vcex_69fef896c759c\"><div class=\"id-976 vcex-image-grid-entry vcex-grid-item wpex-text-center span_1_of_3 col col-1\"><figure class=\"vcex-image-grid-entry-figure wpex-last-mb-0 wpex-clr\"><div class=\"vcex-image-grid-entry-img entry-media wpex-relative wpex-mb-20\"><a href=\"https:\/\/proyectolabor.es\/familias\/almuerzos-semana-2\/\" class=\"vcex-image-grid-entry-link\"><img width=\"1200\" height=\"849\" src=\"https:\/\/proyectolabor.es\/familias\/wp-content\/uploads\/2019\/07\/almuerzos-semana-2.png\" class=\"wpex-align-middle\" alt=\"Propuesta de almuerzos saludables para ni\u00f1os\" loading=\"lazy\" decoding=\"async\" srcset=\"https:\/\/proyectolabor.es\/familias\/wp-content\/uploads\/2019\/07\/almuerzos-semana-2.png 1200w, https:\/\/proyectolabor.es\/familias\/wp-content\/uploads\/2019\/07\/almuerzos-semana-2-300x212.png 300w, https:\/\/proyectolabor.es\/familias\/wp-content\/uploads\/2019\/07\/almuerzos-semana-2-768x543.png 768w, https:\/\/proyectolabor.es\/familias\/wp-content\/uploads\/2019\/07\/almuerzos-semana-2-1024x724.png 1024w, https:\/\/proyectolabor.es\/familias\/wp-content\/uploads\/2019\/07\/almuerzos-semana-2-100x71.png 100w\" sizes=\"auto, (max-width: 1200px) 100vw, 1200px\" \/><\/a><\/div><figcaption class=\"vcex-image-grid-entry-title wpex-mb-10 wpex-clr\"><h2 class=\"entry-title\">Almuerzos escolares saludables (1)<\/h2><\/figcaption><\/figure><\/div><div class=\"id-975 vcex-image-grid-entry vcex-grid-item wpex-text-center span_1_of_3 col col-2\"><figure class=\"vcex-image-grid-entry-figure wpex-last-mb-0 wpex-clr\"><div class=\"vcex-image-grid-entry-img entry-media wpex-relative wpex-mb-20\"><a href=\"https:\/\/proyectolabor.es\/familias\/almuerzos-semana-1\/\" class=\"vcex-image-grid-entry-link\"><img width=\"1200\" height=\"849\" src=\"https:\/\/proyectolabor.es\/familias\/wp-content\/uploads\/2019\/07\/almuerzos-semana-1.png\" class=\"wpex-align-middle\" alt=\"Propuesta de almuerzos saludables para ni\u00f1os\" loading=\"lazy\" decoding=\"async\" srcset=\"https:\/\/proyectolabor.es\/familias\/wp-content\/uploads\/2019\/07\/almuerzos-semana-1.png 1200w, https:\/\/proyectolabor.es\/familias\/wp-content\/uploads\/2019\/07\/almuerzos-semana-1-300x212.png 300w, https:\/\/proyectolabor.es\/familias\/wp-content\/uploads\/2019\/07\/almuerzos-semana-1-768x543.png 768w, https:\/\/proyectolabor.es\/familias\/wp-content\/uploads\/2019\/07\/almuerzos-semana-1-1024x724.png 1024w, https:\/\/proyectolabor.es\/familias\/wp-content\/uploads\/2019\/07\/almuerzos-semana-1-100x71.png 100w\" sizes=\"auto, (max-width: 1200px) 100vw, 1200px\" \/><\/a><\/div><figcaption class=\"vcex-image-grid-entry-title wpex-mb-10 wpex-clr\"><h2 class=\"entry-title\">Almuerzos escolares saludables (2)<\/h2><\/figcaption><\/figure><\/div><div class=\"id-1070 vcex-image-grid-entry vcex-grid-item wpex-text-center span_1_of_3 col col-3\"><figure class=\"vcex-image-grid-entry-figure wpex-last-mb-0 wpex-clr\"><div class=\"vcex-image-grid-entry-img entry-media wpex-relative wpex-mb-20\"><a href=\"https:\/\/proyectolabor.es\/familias\/menu-escolar\/meriendas\/\" class=\"vcex-image-grid-entry-link\"><img width=\"1200\" height=\"849\" src=\"https:\/\/proyectolabor.es\/familias\/wp-content\/uploads\/2019\/07\/meriendas.png\" class=\"wpex-align-middle\" alt=\"Ideas para meriendas saludables\" loading=\"lazy\" decoding=\"async\" srcset=\"https:\/\/proyectolabor.es\/familias\/wp-content\/uploads\/2019\/07\/meriendas.png 1200w, https:\/\/proyectolabor.es\/familias\/wp-content\/uploads\/2019\/07\/meriendas-300x212.png 300w, https:\/\/proyectolabor.es\/familias\/wp-content\/uploads\/2019\/07\/meriendas-768x543.png 768w, https:\/\/proyectolabor.es\/familias\/wp-content\/uploads\/2019\/07\/meriendas-1024x724.png 1024w, https:\/\/proyectolabor.es\/familias\/wp-content\/uploads\/2019\/07\/meriendas-100x71.png 100w\" sizes=\"auto, (max-width: 1200px) 100vw, 1200px\" \/><\/a><\/div><figcaption class=\"vcex-image-grid-entry-title wpex-mb-10 wpex-clr\"><h2 class=\"entry-title\">Ideas para meriendas saludables<\/h2><\/figcaption><\/figure><\/div><\/div><\/div>[vc_zigzag css=\u00bb.vc_custom_1557146037497{padding-top: 10px !important;padding-bottom: 10px !important;}\u00bb][\/vc_column][\/vc_row][vc_row][vc_column][vc_custom_heading text=\u00bb\u00bfQu\u00e9 cocinamos hoy?\u00bb font_container=\u00bbtag:h2|font_size:48|text_align:center|color:%231e73be\u00bb google_fonts=\u00bbfont_family:Amatic%20SC%3Aregular%2C700|font_style:700%20bold%20regular%3A700%3Anormal\u00bb][\/vc_column][\/vc_row][vc_row][vc_column]<style>.vcex-blog-grid-wrap.vcex_69fef896caa29 .entry-readmore{color:blue;}<\/style><div class=\"vcex-module vcex-blog-grid-wrap wpex-clr vcex_69fef896caa29\"><div class=\"wpex-row vcex-blog-grid wpex-clr entries match-height-grid\"><div class=\"vcex-blog-entry vcex-grid-item entry-has-details span_1_of_4 col-1 col entry post-2098 type-post has-media cat-15 cat-7 cat-1\"><div class=\"vcex-blog-entry-inner entry-inner wpex-first-mt-0 wpex-last-mb-0 wpex-clr\"><div class=\"vcex-blog-entry-media entry-media wpex-relative\"><a href=\"https:\/\/proyectolabor.es\/familias\/2024\/05\/10\/salsa-ranchera-sin-gluten\/\" title=\"Salsa ranchera sin gluten\"><img width=\"450\" height=\"300\" src=\"https:\/\/proyectolabor.es\/familias\/wp-content\/uploads\/2024\/05\/salsa-2.jpg\" class=\"vcex-blog-entry-img wpex-align-middle\" alt=\"\" loading=\"lazy\" decoding=\"async\" srcset=\"https:\/\/proyectolabor.es\/familias\/wp-content\/uploads\/2024\/05\/salsa-2.jpg 450w, https:\/\/proyectolabor.es\/familias\/wp-content\/uploads\/2024\/05\/salsa-2-300x200.jpg 300w\" sizes=\"auto, (max-width: 450px) 100vw, 450px\" \/><\/a><\/div><div class=\"vcex-blog-entry-details entry-details wpex-bordered wpex-first-mt-0 wpex-last-mb-0 wpex-clr\"><div class=\"match-height-content\"><h2 class=\"vcex-blog-entry-title entry-title wpex-mb-5\"><a href=\"https:\/\/proyectolabor.es\/familias\/2024\/05\/10\/salsa-ranchera-sin-gluten\/\">Salsa ranchera sin gluten<\/a><\/h2><div class=\"vcex-blog-entry-date entry-date wpex-text-sm wpex-text-3 wpex-mb-5\">10 mayo, 2024<\/div><div class=\"vcex-blog-entry-excerpt entry-excerpt wpex-my-15 wpex-text-pretty wpex-last-mb-0 wpex-clr\"><p>Aunque todos conocemos la t\u00edpica frase de \"no puedo comer gluten\" o \"soy cel\u00edaco\", no&hellip;<\/p><\/div><div class=\"vcex-blog-entry-readmore-wrap entry-readmore-wrap wpex-my-15 wpex-clr\"><a href=\"https:\/\/proyectolabor.es\/familias\/2024\/05\/10\/salsa-ranchera-sin-gluten\/\" class=\"entry-readmore theme-button blue\" aria-label=\"Leer m\u00e1s about Salsa ranchera sin gluten\">Leer m\u00e1s<\/a><\/div><\/div><\/div><\/div><\/div><div class=\"vcex-blog-entry vcex-grid-item entry-has-details span_1_of_4 col-2 col entry post-2084 type-post has-media cat-13 cat-7\"><div class=\"vcex-blog-entry-inner entry-inner wpex-first-mt-0 wpex-last-mb-0 wpex-clr\"><div class=\"vcex-blog-entry-media entry-media wpex-relative\"><a href=\"https:\/\/proyectolabor.es\/familias\/2024\/04\/17\/salmorejo-cordobes-el-de-toda-la-vida\/\" title=\"Salmorejo Cordob\u00e9s&#8230;\u00a1el de toda la vida!\"><img width=\"1600\" height=\"900\" src=\"https:\/\/proyectolabor.es\/familias\/wp-content\/uploads\/2024\/04\/salmorejo.jpg\" class=\"vcex-blog-entry-img wpex-align-middle\" alt=\"\" loading=\"lazy\" decoding=\"async\" srcset=\"https:\/\/proyectolabor.es\/familias\/wp-content\/uploads\/2024\/04\/salmorejo.jpg 1600w, https:\/\/proyectolabor.es\/familias\/wp-content\/uploads\/2024\/04\/salmorejo-300x169.jpg 300w, https:\/\/proyectolabor.es\/familias\/wp-content\/uploads\/2024\/04\/salmorejo-1024x576.jpg 1024w, https:\/\/proyectolabor.es\/familias\/wp-content\/uploads\/2024\/04\/salmorejo-768x432.jpg 768w, https:\/\/proyectolabor.es\/familias\/wp-content\/uploads\/2024\/04\/salmorejo-1536x864.jpg 1536w\" sizes=\"auto, (max-width: 1600px) 100vw, 1600px\" \/><\/a><\/div><div class=\"vcex-blog-entry-details entry-details wpex-bordered wpex-first-mt-0 wpex-last-mb-0 wpex-clr\"><div class=\"match-height-content\"><h2 class=\"vcex-blog-entry-title entry-title wpex-mb-5\"><a href=\"https:\/\/proyectolabor.es\/familias\/2024\/04\/17\/salmorejo-cordobes-el-de-toda-la-vida\/\">Salmorejo Cordob\u00e9s&#8230;\u00a1el de toda la vida!<\/a><\/h2><div class=\"vcex-blog-entry-date entry-date wpex-text-sm wpex-text-3 wpex-mb-5\">17 abril, 2024<\/div><div class=\"vcex-blog-entry-excerpt entry-excerpt wpex-my-15 wpex-text-pretty wpex-last-mb-0 wpex-clr\"><p>Ha llegado el buen tiempo, el calor, y los platos calientes de cuchara igual ya&hellip;<\/p><\/div><div class=\"vcex-blog-entry-readmore-wrap entry-readmore-wrap wpex-my-15 wpex-clr\"><a href=\"https:\/\/proyectolabor.es\/familias\/2024\/04\/17\/salmorejo-cordobes-el-de-toda-la-vida\/\" class=\"entry-readmore theme-button blue\" aria-label=\"Leer m\u00e1s about Salmorejo Cordob\u00e9s&#8230;\u00a1el de toda la vida!\">Leer m\u00e1s<\/a><\/div><\/div><\/div><\/div><\/div><div class=\"vcex-blog-entry vcex-grid-item entry-has-details span_1_of_4 col-3 col entry post-2073 type-post has-media cat-16 cat-7\"><div class=\"vcex-blog-entry-inner entry-inner wpex-first-mt-0 wpex-last-mb-0 wpex-clr\"><div class=\"vcex-blog-entry-media entry-media wpex-relative\"><a href=\"https:\/\/proyectolabor.es\/familias\/2024\/03\/26\/torrijas-caseras\/\" title=\"Torrijas caseras\"><img width=\"1000\" height=\"567\" src=\"https:\/\/proyectolabor.es\/familias\/wp-content\/uploads\/2024\/03\/torrijas2-1.webp\" class=\"vcex-blog-entry-img wpex-align-middle\" alt=\"\" loading=\"lazy\" decoding=\"async\" srcset=\"https:\/\/proyectolabor.es\/familias\/wp-content\/uploads\/2024\/03\/torrijas2-1.webp 1000w, https:\/\/proyectolabor.es\/familias\/wp-content\/uploads\/2024\/03\/torrijas2-1-300x170.webp 300w, https:\/\/proyectolabor.es\/familias\/wp-content\/uploads\/2024\/03\/torrijas2-1-768x435.webp 768w\" sizes=\"auto, (max-width: 1000px) 100vw, 1000px\" \/><\/a><\/div><div class=\"vcex-blog-entry-details entry-details wpex-bordered wpex-first-mt-0 wpex-last-mb-0 wpex-clr\"><div class=\"match-height-content\"><h2 class=\"vcex-blog-entry-title entry-title wpex-mb-5\"><a href=\"https:\/\/proyectolabor.es\/familias\/2024\/03\/26\/torrijas-caseras\/\">Torrijas caseras<\/a><\/h2><div class=\"vcex-blog-entry-date entry-date wpex-text-sm wpex-text-3 wpex-mb-5\">26 marzo, 2024<\/div><div class=\"vcex-blog-entry-excerpt entry-excerpt wpex-my-15 wpex-text-pretty wpex-last-mb-0 wpex-clr\"><p>Como no pod\u00eda ser de otro modo, retomamos nuestras \u00fatiles recetas con una cl\u00e1sica, de&hellip;<\/p><\/div><div class=\"vcex-blog-entry-readmore-wrap entry-readmore-wrap wpex-my-15 wpex-clr\"><a href=\"https:\/\/proyectolabor.es\/familias\/2024\/03\/26\/torrijas-caseras\/\" class=\"entry-readmore theme-button blue\" aria-label=\"Leer m\u00e1s about Torrijas caseras\">Leer m\u00e1s<\/a><\/div><\/div><\/div><\/div><\/div><div class=\"vcex-blog-entry vcex-grid-item entry-has-details span_1_of_4 col-4 col entry post-2024 type-post has-media cat-1\"><div class=\"vcex-blog-entry-inner entry-inner wpex-first-mt-0 wpex-last-mb-0 wpex-clr\"><div class=\"vcex-blog-entry-media entry-media wpex-relative\"><a href=\"https:\/\/proyectolabor.es\/familias\/2024\/03\/25\/9-recomendaciones-saludables-para-esta-semana-santa\/\" title=\"9 recomendaciones saludables para esta Semana Santa\"><img width=\"640\" height=\"427\" src=\"https:\/\/proyectolabor.es\/familias\/wp-content\/uploads\/2024\/03\/torrijas2.webp\" class=\"vcex-blog-entry-img wpex-align-middle\" alt=\"\" loading=\"lazy\" decoding=\"async\" srcset=\"https:\/\/proyectolabor.es\/familias\/wp-content\/uploads\/2024\/03\/torrijas2.webp 640w, https:\/\/proyectolabor.es\/familias\/wp-content\/uploads\/2024\/03\/torrijas2-300x200.webp 300w\" sizes=\"auto, (max-width: 640px) 100vw, 640px\" \/><\/a><\/div><div class=\"vcex-blog-entry-details entry-details wpex-bordered wpex-first-mt-0 wpex-last-mb-0 wpex-clr\"><div class=\"match-height-content\"><h2 class=\"vcex-blog-entry-title entry-title wpex-mb-5\"><a href=\"https:\/\/proyectolabor.es\/familias\/2024\/03\/25\/9-recomendaciones-saludables-para-esta-semana-santa\/\">9 recomendaciones saludables para esta Semana Santa<\/a><\/h2><div class=\"vcex-blog-entry-date entry-date wpex-text-sm wpex-text-3 wpex-mb-5\">25 marzo, 2024<\/div><div class=\"vcex-blog-entry-excerpt entry-excerpt wpex-my-15 wpex-text-pretty wpex-last-mb-0 wpex-clr\"><p>Esta es la pregunta que muchos nos hacemos cuando se acercan las fechas de semana&hellip;<\/p><\/div><div class=\"vcex-blog-entry-readmore-wrap entry-readmore-wrap wpex-my-15 wpex-clr\"><a href=\"https:\/\/proyectolabor.es\/familias\/2024\/03\/25\/9-recomendaciones-saludables-para-esta-semana-santa\/\" class=\"entry-readmore theme-button blue\" aria-label=\"Leer m\u00e1s about 9 recomendaciones saludables para esta Semana Santa\">Leer m\u00e1s<\/a><\/div><\/div><\/div><\/div><\/div><\/div><\/div>[\/vc_column][\/vc_row]\n<\/div>","protected":false},"excerpt":{"rendered":"<p>[vc_row][vc_column][vc_empty_space][vc_single_image image=\u00bb588&#8243;][vc_custom_heading text=\u00bbMen\u00fa Escolar por Centro Educativo\u00bb font_container=\u00bbtag:h2|font_size:36|text_align:center|color:%231e73be\u00bb google_fonts=\u00bbfont_family:Amatic%20SC%3Aregular%2C700|font_style:700%20bold%20regular%3A700%3Anormal\u00bb][vc_column_text]Cada mes, podr\u00e1 consultar aqu\u00ed los men\u00fas de su centro educativo. Para poder consultarlos, debe utilizar el usuario y contrase\u00f1a que le han facilitado en su centro. Una vez registrado, seleccione a continuaci\u00f3n el centro educativo al que pertenecen sus hijos para ver el men\u00fa. CONTENIDO RESTRINGIDO&hellip;<\/p>\n","protected":false},"author":1,"featured_media":0,"parent":0,"menu_order":0,"comment_status":"closed","ping_status":"closed","template":"","meta":{"footnotes":""},"class_list":["post-648","page","type-page","status-publish","hentry","entry","has-media"],"yoast_head":"<!-- This site is optimized with the Yoast SEO plugin v27.5 - https:\/\/yoast.com\/product\/yoast-seo-wordpress\/ -->\n<title>Men\u00fa Escolar - Proyecto Labor, informaci\u00f3n para las familias<\/title>\n<meta name=\"robots\" content=\"index, follow, max-snippet:-1, max-image-preview:large, max-video-preview:-1\" \/>\n<link rel=\"canonical\" href=\"https:\/\/proyectolabor.es\/familias\/menu-escolar\/\" \/>\n<meta property=\"og:locale\" content=\"es_ES\" \/>\n<meta property=\"og:type\" content=\"article\" \/>\n<meta property=\"og:title\" content=\"Men\u00fa Escolar - Proyecto Labor, informaci\u00f3n para las familias\" \/>\n<meta property=\"og:description\" content=\"[vc_row][vc_column][vc_empty_space][vc_single_image image=\u00bb588&#8243;][vc_custom_heading text=\u00bbMen\u00fa Escolar por Centro Educativo\u00bb font_container=\u00bbtag:h2|font_size:36|text_align:center|color:%231e73be\u00bb google_fonts=\u00bbfont_family:Amatic%20SC%3Aregular%2C700|font_style:700%20bold%20regular%3A700%3Anormal\u00bb][vc_column_text]Cada mes, podr\u00e1 consultar aqu\u00ed los men\u00fas de su centro educativo. Para poder consultarlos, debe utilizar el usuario y contrase\u00f1a que le han facilitado en su centro. Una vez registrado, seleccione a continuaci\u00f3n el centro educativo al que pertenecen sus hijos para ver el men\u00fa. CONTENIDO RESTRINGIDO&hellip;\" \/>\n<meta property=\"og:url\" content=\"https:\/\/proyectolabor.es\/familias\/menu-escolar\/\" \/>\n<meta property=\"og:site_name\" content=\"Proyecto Labor, informaci\u00f3n para las familias\" \/>\n<meta property=\"article:publisher\" content=\"https:\/\/www.facebook.com\/ProyectoLabor\/\" \/>\n<meta property=\"article:modified_time\" content=\"2022-02-21T12:08:11+00:00\" \/>\n<meta name=\"twitter:card\" content=\"summary_large_image\" \/>\n<meta name=\"twitter:site\" content=\"@ProyectoLabor\" \/>\n<meta name=\"twitter:label1\" content=\"Tiempo de lectura\" \/>\n\t<meta name=\"twitter:data1\" content=\"1 minuto\" \/>\n<script type=\"application\/ld+json\" class=\"yoast-schema-graph\">{\"@context\":\"https:\\\/\\\/schema.org\",\"@graph\":[{\"@type\":\"WebPage\",\"@id\":\"https:\\\/\\\/proyectolabor.es\\\/familias\\\/menu-escolar\\\/\",\"url\":\"https:\\\/\\\/proyectolabor.es\\\/familias\\\/menu-escolar\\\/\",\"name\":\"Men\u00fa Escolar - Proyecto Labor, informaci\u00f3n para las familias\",\"isPartOf\":{\"@id\":\"https:\\\/\\\/proyectolabor.es\\\/familias\\\/#website\"},\"datePublished\":\"2019-05-03T13:38:14+00:00\",\"dateModified\":\"2022-02-21T12:08:11+00:00\",\"breadcrumb\":{\"@id\":\"https:\\\/\\\/proyectolabor.es\\\/familias\\\/menu-escolar\\\/#breadcrumb\"},\"inLanguage\":\"es\",\"potentialAction\":[{\"@type\":\"ReadAction\",\"target\":[\"https:\\\/\\\/proyectolabor.es\\\/familias\\\/menu-escolar\\\/\"]}]},{\"@type\":\"BreadcrumbList\",\"@id\":\"https:\\\/\\\/proyectolabor.es\\\/familias\\\/menu-escolar\\\/#breadcrumb\",\"itemListElement\":[{\"@type\":\"ListItem\",\"position\":1,\"name\":\"Portada\",\"item\":\"https:\\\/\\\/proyectolabor.es\\\/familias\\\/\"},{\"@type\":\"ListItem\",\"position\":2,\"name\":\"Men\u00fa Escolar\"}]},{\"@type\":\"WebSite\",\"@id\":\"https:\\\/\\\/proyectolabor.es\\\/familias\\\/#website\",\"url\":\"https:\\\/\\\/proyectolabor.es\\\/familias\\\/\",\"name\":\"Proyecto Labor, informaci\u00f3n para las familias\",\"description\":\"Gesti\u00f3n de Comedores Escolares\",\"publisher\":{\"@id\":\"https:\\\/\\\/proyectolabor.es\\\/familias\\\/#organization\"},\"potentialAction\":[{\"@type\":\"SearchAction\",\"target\":{\"@type\":\"EntryPoint\",\"urlTemplate\":\"https:\\\/\\\/proyectolabor.es\\\/familias\\\/?s={search_term_string}\"},\"query-input\":{\"@type\":\"PropertyValueSpecification\",\"valueRequired\":true,\"valueName\":\"search_term_string\"}}],\"inLanguage\":\"es\"},{\"@type\":\"Organization\",\"@id\":\"https:\\\/\\\/proyectolabor.es\\\/familias\\\/#organization\",\"name\":\"Proyecto Labor S.L.\",\"url\":\"https:\\\/\\\/proyectolabor.es\\\/familias\\\/\",\"logo\":{\"@type\":\"ImageObject\",\"inLanguage\":\"es\",\"@id\":\"https:\\\/\\\/proyectolabor.es\\\/familias\\\/#\\\/schema\\\/logo\\\/image\\\/\",\"url\":\"https:\\\/\\\/proyectolabor.es\\\/familias\\\/wp-content\\\/uploads\\\/2019\\\/03\\\/logo-emai.png\",\"contentUrl\":\"https:\\\/\\\/proyectolabor.es\\\/familias\\\/wp-content\\\/uploads\\\/2019\\\/03\\\/logo-emai.png\",\"width\":100,\"height\":106,\"caption\":\"Proyecto Labor S.L.\"},\"image\":{\"@id\":\"https:\\\/\\\/proyectolabor.es\\\/familias\\\/#\\\/schema\\\/logo\\\/image\\\/\"},\"sameAs\":[\"https:\\\/\\\/www.facebook.com\\\/ProyectoLabor\\\/\",\"https:\\\/\\\/x.com\\\/ProyectoLabor\",\"https:\\\/\\\/www.linkedin.com\\\/company\\\/proyecto-labor\\\/\"]}]}<\/script>\n<!-- \/ Yoast SEO plugin. -->","yoast_head_json":{"title":"Men\u00fa Escolar - Proyecto Labor, informaci\u00f3n para las familias","robots":{"index":"index","follow":"follow","max-snippet":"max-snippet:-1","max-image-preview":"max-image-preview:large","max-video-preview":"max-video-preview:-1"},"canonical":"https:\/\/proyectolabor.es\/familias\/menu-escolar\/","og_locale":"es_ES","og_type":"article","og_title":"Men\u00fa Escolar - Proyecto Labor, informaci\u00f3n para las familias","og_description":"[vc_row][vc_column][vc_empty_space][vc_single_image image=\u00bb588&#8243;][vc_custom_heading text=\u00bbMen\u00fa Escolar por Centro Educativo\u00bb font_container=\u00bbtag:h2|font_size:36|text_align:center|color:%231e73be\u00bb google_fonts=\u00bbfont_family:Amatic%20SC%3Aregular%2C700|font_style:700%20bold%20regular%3A700%3Anormal\u00bb][vc_column_text]Cada mes, podr\u00e1 consultar aqu\u00ed los men\u00fas de su centro educativo. Para poder consultarlos, debe utilizar el usuario y contrase\u00f1a que le han facilitado en su centro. Una vez registrado, seleccione a continuaci\u00f3n el centro educativo al que pertenecen sus hijos para ver el men\u00fa. CONTENIDO RESTRINGIDO&hellip;","og_url":"https:\/\/proyectolabor.es\/familias\/menu-escolar\/","og_site_name":"Proyecto Labor, informaci\u00f3n para las familias","article_publisher":"https:\/\/www.facebook.com\/ProyectoLabor\/","article_modified_time":"2022-02-21T12:08:11+00:00","twitter_card":"summary_large_image","twitter_site":"@ProyectoLabor","twitter_misc":{"Tiempo de lectura":"1 minuto"},"schema":{"@context":"https:\/\/schema.org","@graph":[{"@type":"WebPage","@id":"https:\/\/proyectolabor.es\/familias\/menu-escolar\/","url":"https:\/\/proyectolabor.es\/familias\/menu-escolar\/","name":"Men\u00fa Escolar - Proyecto Labor, informaci\u00f3n para las familias","isPartOf":{"@id":"https:\/\/proyectolabor.es\/familias\/#website"},"datePublished":"2019-05-03T13:38:14+00:00","dateModified":"2022-02-21T12:08:11+00:00","breadcrumb":{"@id":"https:\/\/proyectolabor.es\/familias\/menu-escolar\/#breadcrumb"},"inLanguage":"es","potentialAction":[{"@type":"ReadAction","target":["https:\/\/proyectolabor.es\/familias\/menu-escolar\/"]}]},{"@type":"BreadcrumbList","@id":"https:\/\/proyectolabor.es\/familias\/menu-escolar\/#breadcrumb","itemListElement":[{"@type":"ListItem","position":1,"name":"Portada","item":"https:\/\/proyectolabor.es\/familias\/"},{"@type":"ListItem","position":2,"name":"Men\u00fa Escolar"}]},{"@type":"WebSite","@id":"https:\/\/proyectolabor.es\/familias\/#website","url":"https:\/\/proyectolabor.es\/familias\/","name":"Proyecto Labor, informaci\u00f3n para las familias","description":"Gesti\u00f3n de Comedores Escolares","publisher":{"@id":"https:\/\/proyectolabor.es\/familias\/#organization"},"potentialAction":[{"@type":"SearchAction","target":{"@type":"EntryPoint","urlTemplate":"https:\/\/proyectolabor.es\/familias\/?s={search_term_string}"},"query-input":{"@type":"PropertyValueSpecification","valueRequired":true,"valueName":"search_term_string"}}],"inLanguage":"es"},{"@type":"Organization","@id":"https:\/\/proyectolabor.es\/familias\/#organization","name":"Proyecto Labor S.L.","url":"https:\/\/proyectolabor.es\/familias\/","logo":{"@type":"ImageObject","inLanguage":"es","@id":"https:\/\/proyectolabor.es\/familias\/#\/schema\/logo\/image\/","url":"https:\/\/proyectolabor.es\/familias\/wp-content\/uploads\/2019\/03\/logo-emai.png","contentUrl":"https:\/\/proyectolabor.es\/familias\/wp-content\/uploads\/2019\/03\/logo-emai.png","width":100,"height":106,"caption":"Proyecto Labor S.L."},"image":{"@id":"https:\/\/proyectolabor.es\/familias\/#\/schema\/logo\/image\/"},"sameAs":["https:\/\/www.facebook.com\/ProyectoLabor\/","https:\/\/x.com\/ProyectoLabor","https:\/\/www.linkedin.com\/company\/proyecto-labor\/"]}]}},"_links":{"self":[{"href":"https:\/\/proyectolabor.es\/familias\/wp-json\/wp\/v2\/pages\/648","targetHints":{"allow":["GET"]}}],"collection":[{"href":"https:\/\/proyectolabor.es\/familias\/wp-json\/wp\/v2\/pages"}],"about":[{"href":"https:\/\/proyectolabor.es\/familias\/wp-json\/wp\/v2\/types\/page"}],"author":[{"embeddable":true,"href":"https:\/\/proyectolabor.es\/familias\/wp-json\/wp\/v2\/users\/1"}],"replies":[{"embeddable":true,"href":"https:\/\/proyectolabor.es\/familias\/wp-json\/wp\/v2\/comments?post=648"}],"version-history":[{"count":171,"href":"https:\/\/proyectolabor.es\/familias\/wp-json\/wp\/v2\/pages\/648\/revisions"}],"predecessor-version":[{"id":1923,"href":"https:\/\/proyectolabor.es\/familias\/wp-json\/wp\/v2\/pages\/648\/revisions\/1923"}],"wp:attachment":[{"href":"https:\/\/proyectolabor.es\/familias\/wp-json\/wp\/v2\/media?parent=648"}],"curies":[{"name":"wp","href":"https:\/\/api.w.org\/{rel}","templated":true}]}}