{"id":218,"date":"2019-03-05T13:11:33","date_gmt":"2019-03-05T12:11:33","guid":{"rendered":"http:\/\/proyectolabor.es\/familias\/?page_id=218"},"modified":"2024-09-20T18:31:21","modified_gmt":"2024-09-20T16:31:21","slug":"inicio","status":"publish","type":"page","link":"https:\/\/proyectolabor.es\/familias\/","title":{"rendered":"Inicio"},"content":{"rendered":"<p>This content is restricted to subscribers<\/p>\n","protected":false},"excerpt":{"rendered":"<p>This content is restricted to subscribers<\/p>\n","protected":false},"author":1,"featured_media":0,"parent":0,"menu_order":0,"comment_status":"closed","ping_status":"closed","template":"","meta":{"footnotes":""},"class_list":["post-218","page","type-page","status-publish","hentry","entry","has-media"],"yoast_head":"<!-- This site is optimized with the Yoast SEO plugin v27.4 - https:\/\/yoast.com\/product\/yoast-seo-wordpress\/ -->\n<title>Proyecto Labor Familias: la comunidad para familias de Proyecto Labor<\/title>\n<meta name=\"description\" content=\"Como usuarios del comedor escolar de Proyecto Labor, en estas p\u00e1ginas podr\u00e9is encontrar diversa informaci\u00f3n de utiidad: men\u00fas mensuales, recetas, etc.\" \/>\n<meta name=\"robots\" content=\"index, follow, max-snippet:-1, max-image-preview:large, max-video-preview:-1\" \/>\n<link rel=\"canonical\" href=\"https:\/\/proyectolabor.es\/familias\/\" \/>\n<meta property=\"og:locale\" content=\"es_ES\" \/>\n<meta property=\"og:type\" content=\"article\" \/>\n<meta property=\"og:title\" content=\"Proyecto Labor Familias: la comunidad para familias de Proyecto Labor\" \/>\n<meta property=\"og:description\" content=\"Como usuarios del comedor escolar de Proyecto Labor, en estas p\u00e1ginas podr\u00e9is encontrar diversa informaci\u00f3n de utiidad: men\u00fas mensuales, recetas, etc.\" \/>\n<meta property=\"og:url\" content=\"https:\/\/proyectolabor.es\/familias\/\" \/>\n<meta property=\"og:site_name\" content=\"Proyecto Labor, informaci\u00f3n para las familias\" \/>\n<meta property=\"article:publisher\" content=\"https:\/\/www.facebook.com\/ProyectoLabor\/\" \/>\n<meta property=\"article:modified_time\" content=\"2024-09-20T16:31:21+00:00\" \/>\n<meta name=\"twitter:card\" content=\"summary_large_image\" \/>\n<meta name=\"twitter:site\" content=\"@ProyectoLabor\" \/>\n<meta name=\"twitter:label1\" content=\"Tiempo de lectura\" \/>\n\t<meta name=\"twitter:data1\" content=\"1 minuto\" \/>\n<script type=\"application\/ld+json\" class=\"yoast-schema-graph\">{\"@context\":\"https:\\\/\\\/schema.org\",\"@graph\":[{\"@type\":\"WebPage\",\"@id\":\"https:\\\/\\\/proyectolabor.es\\\/familias\\\/\",\"url\":\"https:\\\/\\\/proyectolabor.es\\\/familias\\\/\",\"name\":\"Proyecto Labor Familias: la comunidad para familias de Proyecto Labor\",\"isPartOf\":{\"@id\":\"https:\\\/\\\/proyectolabor.es\\\/familias\\\/#website\"},\"datePublished\":\"2019-03-05T12:11:33+00:00\",\"dateModified\":\"2024-09-20T16:31:21+00:00\",\"description\":\"Como usuarios del comedor escolar de Proyecto Labor, en estas p\u00e1ginas podr\u00e9is encontrar diversa informaci\u00f3n de utiidad: men\u00fas mensuales, recetas, etc.\",\"breadcrumb\":{\"@id\":\"https:\\\/\\\/proyectolabor.es\\\/familias\\\/#breadcrumb\"},\"inLanguage\":\"es\",\"potentialAction\":[{\"@type\":\"ReadAction\",\"target\":[\"https:\\\/\\\/proyectolabor.es\\\/familias\\\/\"]}]},{\"@type\":\"BreadcrumbList\",\"@id\":\"https:\\\/\\\/proyectolabor.es\\\/familias\\\/#breadcrumb\",\"itemListElement\":[{\"@type\":\"ListItem\",\"position\":1,\"name\":\"Portada\",\"item\":\"https:\\\/\\\/proyectolabor.es\\\/familias\\\/\"},{\"@type\":\"ListItem\",\"position\":2,\"name\":\"Inicio\"}]},{\"@type\":\"WebSite\",\"@id\":\"https:\\\/\\\/proyectolabor.es\\\/familias\\\/#website\",\"url\":\"https:\\\/\\\/proyectolabor.es\\\/familias\\\/\",\"name\":\"Proyecto Labor, informaci\u00f3n para las familias\",\"description\":\"Gesti\u00f3n de Comedores Escolares\",\"publisher\":{\"@id\":\"https:\\\/\\\/proyectolabor.es\\\/familias\\\/#organization\"},\"potentialAction\":[{\"@type\":\"SearchAction\",\"target\":{\"@type\":\"EntryPoint\",\"urlTemplate\":\"https:\\\/\\\/proyectolabor.es\\\/familias\\\/?s={search_term_string}\"},\"query-input\":{\"@type\":\"PropertyValueSpecification\",\"valueRequired\":true,\"valueName\":\"search_term_string\"}}],\"inLanguage\":\"es\"},{\"@type\":\"Organization\",\"@id\":\"https:\\\/\\\/proyectolabor.es\\\/familias\\\/#organization\",\"name\":\"Proyecto Labor S.L.\",\"url\":\"https:\\\/\\\/proyectolabor.es\\\/familias\\\/\",\"logo\":{\"@type\":\"ImageObject\",\"inLanguage\":\"es\",\"@id\":\"https:\\\/\\\/proyectolabor.es\\\/familias\\\/#\\\/schema\\\/logo\\\/image\\\/\",\"url\":\"https:\\\/\\\/proyectolabor.es\\\/familias\\\/wp-content\\\/uploads\\\/2019\\\/03\\\/logo-emai.png\",\"contentUrl\":\"https:\\\/\\\/proyectolabor.es\\\/familias\\\/wp-content\\\/uploads\\\/2019\\\/03\\\/logo-emai.png\",\"width\":100,\"height\":106,\"caption\":\"Proyecto Labor S.L.\"},\"image\":{\"@id\":\"https:\\\/\\\/proyectolabor.es\\\/familias\\\/#\\\/schema\\\/logo\\\/image\\\/\"},\"sameAs\":[\"https:\\\/\\\/www.facebook.com\\\/ProyectoLabor\\\/\",\"https:\\\/\\\/x.com\\\/ProyectoLabor\",\"https:\\\/\\\/www.linkedin.com\\\/company\\\/proyecto-labor\\\/\"]}]}<\/script>\n<!-- \/ Yoast SEO plugin. -->","yoast_head_json":{"title":"Proyecto Labor Familias: la comunidad para familias de Proyecto Labor","description":"Como usuarios del comedor escolar de Proyecto Labor, en estas p\u00e1ginas podr\u00e9is encontrar diversa informaci\u00f3n de utiidad: men\u00fas mensuales, recetas, etc.","robots":{"index":"index","follow":"follow","max-snippet":"max-snippet:-1","max-image-preview":"max-image-preview:large","max-video-preview":"max-video-preview:-1"},"canonical":"https:\/\/proyectolabor.es\/familias\/","og_locale":"es_ES","og_type":"article","og_title":"Proyecto Labor Familias: la comunidad para familias de Proyecto Labor","og_description":"Como usuarios del comedor escolar de Proyecto Labor, en estas p\u00e1ginas podr\u00e9is encontrar diversa informaci\u00f3n de utiidad: men\u00fas mensuales, recetas, etc.","og_url":"https:\/\/proyectolabor.es\/familias\/","og_site_name":"Proyecto Labor, informaci\u00f3n para las familias","article_publisher":"https:\/\/www.facebook.com\/ProyectoLabor\/","article_modified_time":"2024-09-20T16:31:21+00:00","twitter_card":"summary_large_image","twitter_site":"@ProyectoLabor","twitter_misc":{"Tiempo de lectura":"1 minuto"},"schema":{"@context":"https:\/\/schema.org","@graph":[{"@type":"WebPage","@id":"https:\/\/proyectolabor.es\/familias\/","url":"https:\/\/proyectolabor.es\/familias\/","name":"Proyecto Labor Familias: la comunidad para familias de Proyecto Labor","isPartOf":{"@id":"https:\/\/proyectolabor.es\/familias\/#website"},"datePublished":"2019-03-05T12:11:33+00:00","dateModified":"2024-09-20T16:31:21+00:00","description":"Como usuarios del comedor escolar de Proyecto Labor, en estas p\u00e1ginas podr\u00e9is encontrar diversa informaci\u00f3n de utiidad: men\u00fas mensuales, recetas, etc.","breadcrumb":{"@id":"https:\/\/proyectolabor.es\/familias\/#breadcrumb"},"inLanguage":"es","potentialAction":[{"@type":"ReadAction","target":["https:\/\/proyectolabor.es\/familias\/"]}]},{"@type":"BreadcrumbList","@id":"https:\/\/proyectolabor.es\/familias\/#breadcrumb","itemListElement":[{"@type":"ListItem","position":1,"name":"Portada","item":"https:\/\/proyectolabor.es\/familias\/"},{"@type":"ListItem","position":2,"name":"Inicio"}]},{"@type":"WebSite","@id":"https:\/\/proyectolabor.es\/familias\/#website","url":"https:\/\/proyectolabor.es\/familias\/","name":"Proyecto Labor, informaci\u00f3n para las familias","description":"Gesti\u00f3n de Comedores Escolares","publisher":{"@id":"https:\/\/proyectolabor.es\/familias\/#organization"},"potentialAction":[{"@type":"SearchAction","target":{"@type":"EntryPoint","urlTemplate":"https:\/\/proyectolabor.es\/familias\/?s={search_term_string}"},"query-input":{"@type":"PropertyValueSpecification","valueRequired":true,"valueName":"search_term_string"}}],"inLanguage":"es"},{"@type":"Organization","@id":"https:\/\/proyectolabor.es\/familias\/#organization","name":"Proyecto Labor S.L.","url":"https:\/\/proyectolabor.es\/familias\/","logo":{"@type":"ImageObject","inLanguage":"es","@id":"https:\/\/proyectolabor.es\/familias\/#\/schema\/logo\/image\/","url":"https:\/\/proyectolabor.es\/familias\/wp-content\/uploads\/2019\/03\/logo-emai.png","contentUrl":"https:\/\/proyectolabor.es\/familias\/wp-content\/uploads\/2019\/03\/logo-emai.png","width":100,"height":106,"caption":"Proyecto Labor S.L."},"image":{"@id":"https:\/\/proyectolabor.es\/familias\/#\/schema\/logo\/image\/"},"sameAs":["https:\/\/www.facebook.com\/ProyectoLabor\/","https:\/\/x.com\/ProyectoLabor","https:\/\/www.linkedin.com\/company\/proyecto-labor\/"]}]}},"_links":{"self":[{"href":"https:\/\/proyectolabor.es\/familias\/wp-json\/wp\/v2\/pages\/218","targetHints":{"allow":["GET"]}}],"collection":[{"href":"https:\/\/proyectolabor.es\/familias\/wp-json\/wp\/v2\/pages"}],"about":[{"href":"https:\/\/proyectolabor.es\/familias\/wp-json\/wp\/v2\/types\/page"}],"author":[{"embeddable":true,"href":"https:\/\/proyectolabor.es\/familias\/wp-json\/wp\/v2\/users\/1"}],"replies":[{"embeddable":true,"href":"https:\/\/proyectolabor.es\/familias\/wp-json\/wp\/v2\/comments?post=218"}],"version-history":[{"count":86,"href":"https:\/\/proyectolabor.es\/familias\/wp-json\/wp\/v2\/pages\/218\/revisions"}],"predecessor-version":[{"id":2158,"href":"https:\/\/proyectolabor.es\/familias\/wp-json\/wp\/v2\/pages\/218\/revisions\/2158"}],"wp:attachment":[{"href":"https:\/\/proyectolabor.es\/familias\/wp-json\/wp\/v2\/media?parent=218"}],"curies":[{"name":"wp","href":"https:\/\/api.w.org\/{rel}","templated":true}]}}

<!-- This site is optimized with the Yoast SEO plugin v27.4 - https://yoast.com/product/yoast-seo-wordpress/ -->
<title>Proyecto Labor Familias: la comunidad para familias de Proyecto Labor</title>
<meta name="description" content="Como usuarios del comedor escolar de Proyecto Labor, en estas páginas podréis encontrar diversa información de utiidad: menús mensuales, recetas, etc." />
<meta name="robots" content="index, follow, max-snippet:-1, max-image-preview:large, max-video-preview:-1" />
<link rel="canonical" href="https://proyectolabor.es/familias/" />
<meta property="og:locale" content="es_ES" />
<meta property="og:type" content="article" />
<meta property="og:title" content="Proyecto Labor Familias: la comunidad para familias de Proyecto Labor" />
<meta property="og:description" content="Como usuarios del comedor escolar de Proyecto Labor, en estas páginas podréis encontrar diversa información de utiidad: menús mensuales, recetas, etc." />
<meta property="og:url" content="https://proyectolabor.es/familias/" />
<meta property="og:site_name" content="Proyecto Labor, información para las familias" />
<meta property="article:publisher" content="https://www.facebook.com/ProyectoLabor/" />
<meta property="article:modified_time" content="2024-09-20T16:31:21+00:00" />
<meta name="twitter:card" content="summary_large_image" />
<meta name="twitter:site" content="@ProyectoLabor" />
<meta name="twitter:label1" content="Tiempo de lectura" />
	<meta name="twitter:data1" content="1 minuto" />
<script type="application/ld+json" class="yoast-schema-graph">{"@context":"https:\/\/schema.org","@graph":[{"@type":"WebPage","@id":"https:\/\/proyectolabor.es\/familias\/","url":"https:\/\/proyectolabor.es\/familias\/","name":"Proyecto Labor Familias: la comunidad para familias de Proyecto Labor","isPartOf":{"@id":"https:\/\/proyectolabor.es\/familias\/#website"},"datePublished":"2019-03-05T12:11:33+00:00","dateModified":"2024-09-20T16:31:21+00:00","description":"Como usuarios del comedor escolar de Proyecto Labor, en estas páginas podréis encontrar diversa información de utiidad: menús mensuales, recetas, etc.","breadcrumb":{"@id":"https:\/\/proyectolabor.es\/familias\/#breadcrumb"},"inLanguage":"es","potentialAction":[{"@type":"ReadAction","target":["https:\/\/proyectolabor.es\/familias\/"]}]},{"@type":"BreadcrumbList","@id":"https:\/\/proyectolabor.es\/familias\/#breadcrumb","itemListElement":[{"@type":"ListItem","position":1,"name":"Portada","item":"https:\/\/proyectolabor.es\/familias\/"},{"@type":"ListItem","position":2,"name":"Inicio"}]},{"@type":"WebSite","@id":"https:\/\/proyectolabor.es\/familias\/#website","url":"https:\/\/proyectolabor.es\/familias\/","name":"Proyecto Labor, información para las familias","description":"Gestión de Comedores Escolares","publisher":{"@id":"https:\/\/proyectolabor.es\/familias\/#organization"},"potentialAction":[{"@type":"SearchAction","target":{"@type":"EntryPoint","urlTemplate":"https:\/\/proyectolabor.es\/familias\/?s={search_term_string}"},"query-input":{"@type":"PropertyValueSpecification","valueRequired":true,"valueName":"search_term_string"}}],"inLanguage":"es"},{"@type":"Organization","@id":"https:\/\/proyectolabor.es\/familias\/#organization","name":"Proyecto Labor S.L.","url":"https:\/\/proyectolabor.es\/familias\/","logo":{"@type":"ImageObject","inLanguage":"es","@id":"https:\/\/proyectolabor.es\/familias\/#\/schema\/logo\/image\/","url":"https:\/\/proyectolabor.es\/familias\/wp-content\/uploads\/2019\/03\/logo-emai.png","contentUrl":"https:\/\/proyectolabor.es\/familias\/wp-content\/uploads\/2019\/03\/logo-emai.png","width":100,"height":106,"caption":"Proyecto Labor S.L."},"image":{"@id":"https:\/\/proyectolabor.es\/familias\/#\/schema\/logo\/image\/"},"sameAs":["https:\/\/www.facebook.com\/ProyectoLabor\/","https:\/\/x.com\/ProyectoLabor","https:\/\/www.linkedin.com\/company\/proyecto-labor\/"]}]}</script>
<!-- / Yoast SEO plugin. -->

Como usuarios del comedor escolar de Proyecto Labor, en estas páginas podréis encontrar diversa información de utiidad: menús mensuales, recetas, etc.

Proyecto Labor, información para las familias

Gestión de Comedores Escolares
